{"id":734,"date":"2022-08-02T08:49:23","date_gmt":"2022-08-02T08:49:23","guid":{"rendered":"http:\/\/www.tulemukaan.com\/?page_id=734"},"modified":"2022-08-02T08:49:23","modified_gmt":"2022-08-02T08:49:23","slug":"tule-mukaan-ry-jarjestama-somaliweek-turnauksen-paatymisjuhla","status":"publish","type":"page","link":"http:\/\/www.tulemukaan.com\/index.php\/tule-mukaan-ry-jarjestama-somaliweek-turnauksen-paatymisjuhla\/","title":{"rendered":"Tule mukaan ry j\u00e4rjest\u00e4m\u00e4 Somaliweek turnauksen p\u00e4\u00e4tymisjuhla."},"content":{"rendered":"\n<figure class=\"wp-block-image size-large\"><img loading=\"lazy\" decoding=\"async\" width=\"1024\" height=\"485\" src=\"http:\/\/www.tulemukaan.com\/wp-content\/uploads\/2022\/08\/WhatsApp-Image-2022-08-01-at-14.03.00-1024x485.jpeg\" alt=\"\" class=\"wp-image-733\" srcset=\"http:\/\/www.tulemukaan.com\/wp-content\/uploads\/2022\/08\/WhatsApp-Image-2022-08-01-at-14.03.00-1024x485.jpeg 1024w, http:\/\/www.tulemukaan.com\/wp-content\/uploads\/2022\/08\/WhatsApp-Image-2022-08-01-at-14.03.00-300x142.jpeg 300w, http:\/\/www.tulemukaan.com\/wp-content\/uploads\/2022\/08\/WhatsApp-Image-2022-08-01-at-14.03.00-768x363.jpeg 768w, http:\/\/www.tulemukaan.com\/wp-content\/uploads\/2022\/08\/WhatsApp-Image-2022-08-01-at-14.03.00-1536x727.jpeg 1536w, http:\/\/www.tulemukaan.com\/wp-content\/uploads\/2022\/08\/WhatsApp-Image-2022-08-01-at-14.03.00.jpeg 2016w\" sizes=\"auto, (max-width: 1024px) 100vw, 1024px\" \/><\/figure>\n\n\n\n<figure class=\"wp-block-image size-large\"><img loading=\"lazy\" decoding=\"async\" width=\"1024\" height=\"485\" src=\"http:\/\/www.tulemukaan.com\/wp-content\/uploads\/2022\/08\/WhatsApp-Image-2022-08-01-at-14.05.21-1024x485.jpeg\" alt=\"\" class=\"wp-image-732\" srcset=\"http:\/\/www.tulemukaan.com\/wp-content\/uploads\/2022\/08\/WhatsApp-Image-2022-08-01-at-14.05.21-1024x485.jpeg 1024w, http:\/\/www.tulemukaan.com\/wp-content\/uploads\/2022\/08\/WhatsApp-Image-2022-08-01-at-14.05.21-300x142.jpeg 300w, http:\/\/www.tulemukaan.com\/wp-content\/uploads\/2022\/08\/WhatsApp-Image-2022-08-01-at-14.05.21-768x363.jpeg 768w, http:\/\/www.tulemukaan.com\/wp-content\/uploads\/2022\/08\/WhatsApp-Image-2022-08-01-at-14.05.21-1536x727.jpeg 1536w, http:\/\/www.tulemukaan.com\/wp-content\/uploads\/2022\/08\/WhatsApp-Image-2022-08-01-at-14.05.21.jpeg 2016w\" sizes=\"auto, (max-width: 1024px) 100vw, 1024px\" \/><\/figure>\n\n\n\n<figure class=\"wp-block-image size-large\"><img loading=\"lazy\" decoding=\"async\" width=\"1024\" height=\"485\" src=\"http:\/\/www.tulemukaan.com\/wp-content\/uploads\/2022\/08\/WhatsApp-Image-2022-08-01-at-14.11.51-1024x485.jpeg\" alt=\"\" class=\"wp-image-731\" srcset=\"http:\/\/www.tulemukaan.com\/wp-content\/uploads\/2022\/08\/WhatsApp-Image-2022-08-01-at-14.11.51-1024x485.jpeg 1024w, http:\/\/www.tulemukaan.com\/wp-content\/uploads\/2022\/08\/WhatsApp-Image-2022-08-01-at-14.11.51-300x142.jpeg 300w, http:\/\/www.tulemukaan.com\/wp-content\/uploads\/2022\/08\/WhatsApp-Image-2022-08-01-at-14.11.51-768x363.jpeg 768w, http:\/\/www.tulemukaan.com\/wp-content\/uploads\/2022\/08\/WhatsApp-Image-2022-08-01-at-14.11.51-1536x727.jpeg 1536w, http:\/\/www.tulemukaan.com\/wp-content\/uploads\/2022\/08\/WhatsApp-Image-2022-08-01-at-14.11.51.jpeg 2016w\" sizes=\"auto, (max-width: 1024px) 100vw, 1024px\" \/><\/figure>\n\n\n\n<figure class=\"wp-block-image size-large\"><img loading=\"lazy\" decoding=\"async\" width=\"1024\" height=\"485\" src=\"http:\/\/www.tulemukaan.com\/wp-content\/uploads\/2022\/08\/WhatsApp-Image-2022-08-01-at-14.10.08-1024x485.jpeg\" alt=\"\" class=\"wp-image-730\" srcset=\"http:\/\/www.tulemukaan.com\/wp-content\/uploads\/2022\/08\/WhatsApp-Image-2022-08-01-at-14.10.08-1024x485.jpeg 1024w, http:\/\/www.tulemukaan.com\/wp-content\/uploads\/2022\/08\/WhatsApp-Image-2022-08-01-at-14.10.08-300x142.jpeg 300w, http:\/\/www.tulemukaan.com\/wp-content\/uploads\/2022\/08\/WhatsApp-Image-2022-08-01-at-14.10.08-768x363.jpeg 768w, http:\/\/www.tulemukaan.com\/wp-content\/uploads\/2022\/08\/WhatsApp-Image-2022-08-01-at-14.10.08-1536x727.jpeg 1536w, http:\/\/www.tulemukaan.com\/wp-content\/uploads\/2022\/08\/WhatsApp-Image-2022-08-01-at-14.10.08.jpeg 2016w\" sizes=\"auto, (max-width: 1024px) 100vw, 1024px\" \/><\/figure>\n\n\n\n<figure class=\"wp-block-image size-large\"><img loading=\"lazy\" decoding=\"async\" width=\"1024\" height=\"1024\" src=\"http:\/\/www.tulemukaan.com\/wp-content\/uploads\/2022\/08\/WhatsApp-Image-2022-08-01-at-14.09.35-1024x1024.jpeg\" alt=\"\" class=\"wp-image-729\" srcset=\"http:\/\/www.tulemukaan.com\/wp-content\/uploads\/2022\/08\/WhatsApp-Image-2022-08-01-at-14.09.35-1024x1024.jpeg 1024w, http:\/\/www.tulemukaan.com\/wp-content\/uploads\/2022\/08\/WhatsApp-Image-2022-08-01-at-14.09.35-300x300.jpeg 300w, http:\/\/www.tulemukaan.com\/wp-content\/uploads\/2022\/08\/WhatsApp-Image-2022-08-01-at-14.09.35-150x150.jpeg 150w, http:\/\/www.tulemukaan.com\/wp-content\/uploads\/2022\/08\/WhatsApp-Image-2022-08-01-at-14.09.35-768x768.jpeg 768w, http:\/\/www.tulemukaan.com\/wp-content\/uploads\/2022\/08\/WhatsApp-Image-2022-08-01-at-14.09.35-1536x1536.jpeg 1536w, http:\/\/www.tulemukaan.com\/wp-content\/uploads\/2022\/08\/WhatsApp-Image-2022-08-01-at-14.09.35.jpeg 2048w\" sizes=\"auto, (max-width: 1024px) 100vw, 1024px\" \/><\/figure>\n\n\n\n<figure class=\"wp-block-image size-large\"><img loading=\"lazy\" decoding=\"async\" width=\"1024\" height=\"576\" src=\"http:\/\/www.tulemukaan.com\/wp-content\/uploads\/2022\/08\/WhatsApp-Image-2022-08-01-at-14.07.06-1024x576.jpeg\" alt=\"\" class=\"wp-image-728\" srcset=\"http:\/\/www.tulemukaan.com\/wp-content\/uploads\/2022\/08\/WhatsApp-Image-2022-08-01-at-14.07.06-1024x576.jpeg 1024w, http:\/\/www.tulemukaan.com\/wp-content\/uploads\/2022\/08\/WhatsApp-Image-2022-08-01-at-14.07.06-300x169.jpeg 300w, http:\/\/www.tulemukaan.com\/wp-content\/uploads\/2022\/08\/WhatsApp-Image-2022-08-01-at-14.07.06-768x432.jpeg 768w, http:\/\/www.tulemukaan.com\/wp-content\/uploads\/2022\/08\/WhatsApp-Image-2022-08-01-at-14.07.06-1536x864.jpeg 1536w, http:\/\/www.tulemukaan.com\/wp-content\/uploads\/2022\/08\/WhatsApp-Image-2022-08-01-at-14.07.06.jpeg 2016w\" sizes=\"auto, (max-width: 1024px) 100vw, 1024px\" \/><\/figure>\n","protected":false},"excerpt":{"rendered":"","protected":false},"author":1,"featured_media":0,"parent":0,"menu_order":0,"comment_status":"closed","ping_status":"closed","template":"","meta":{"footnotes":""},"class_list":["post-734","page","type-page","status-publish","hentry"],"_links":{"self":[{"href":"http:\/\/www.tulemukaan.com\/index.php\/wp-json\/wp\/v2\/pages\/734","targetHints":{"allow":["GET"]}}],"collection":[{"href":"http:\/\/www.tulemukaan.com\/index.php\/wp-json\/wp\/v2\/pages"}],"about":[{"href":"http:\/\/www.tulemukaan.com\/index.php\/wp-json\/wp\/v2\/types\/page"}],"author":[{"embeddable":true,"href":"http:\/\/www.tulemukaan.com\/index.php\/wp-json\/wp\/v2\/users\/1"}],"replies":[{"embeddable":true,"href":"http:\/\/www.tulemukaan.com\/index.php\/wp-json\/wp\/v2\/comments?post=734"}],"version-history":[{"count":1,"href":"http:\/\/www.tulemukaan.com\/index.php\/wp-json\/wp\/v2\/pages\/734\/revisions"}],"predecessor-version":[{"id":736,"href":"http:\/\/www.tulemukaan.com\/index.php\/wp-json\/wp\/v2\/pages\/734\/revisions\/736"}],"wp:attachment":[{"href":"http:\/\/www.tulemukaan.com\/index.php\/wp-json\/wp\/v2\/media?parent=734"}],"curies":[{"name":"wp","href":"https:\/\/api.w.org\/{rel}","templated":true}]}}